{"id":9,"date":"2020-08-04T15:04:38","date_gmt":"2020-08-04T13:04:38","guid":{"rendered":"http:\/\/chalet-lambertus.de\/?page_id=9"},"modified":"2022-12-30T10:53:50","modified_gmt":"2022-12-30T09:53:50","slug":"ueber-uns","status":"publish","type":"page","link":"https:\/\/chalet-lambertus.de\/index.php\/ueber-uns\/","title":{"rendered":"\u00dcber uns"},"content":{"rendered":"<div class=\"wp-block-image\">\n<figure class=\"aligncenter size-large\"><img loading=\"lazy\" decoding=\"async\" width=\"1024\" height=\"735\" src=\"http:\/\/chalet-lambertus.de\/wp-content\/uploads\/2022\/12\/IMG_7760-1024x735.jpg\" alt=\"\" class=\"wp-image-428\" srcset=\"https:\/\/chalet-lambertus.de\/wp-content\/uploads\/2022\/12\/IMG_7760-1024x735.jpg 1024w, https:\/\/chalet-lambertus.de\/wp-content\/uploads\/2022\/12\/IMG_7760-300x215.jpg 300w, https:\/\/chalet-lambertus.de\/wp-content\/uploads\/2022\/12\/IMG_7760-768x552.jpg 768w, https:\/\/chalet-lambertus.de\/wp-content\/uploads\/2022\/12\/IMG_7760-1536x1103.jpg 1536w, https:\/\/chalet-lambertus.de\/wp-content\/uploads\/2022\/12\/IMG_7760-2048x1471.jpg 2048w\" sizes=\"auto, (max-width: 1024px) 100vw, 1024px\" \/><figcaption class=\"wp-element-caption\">Tessa Meiers und Johannes Laures<\/figcaption><\/figure>\n<\/div>\n\n\n<hr class=\"wp-block-separator has-css-opacity\"\/>\n\n\n\n<p>Wir sind ein junges Paar aus der Region. Wir lieben es zu wandern und zu reisen, fahren gerne Fahrrad und genie\u00dfen viel Zeit in der Natur der Eifel. Gerade deswegen bieten wir Ihnen an, Ihren Aufenthalt im Chalet Lambertus so sch\u00f6n wie m\u00f6glich zu gestalten indem wir Ihnen gerne Tipps geben, welche Aktivit\u00e4ten Sie wann und wo erleben k\u00f6nnen. Von beliebten Ausflugzielen und guten Restaurants \u00fcber aktuelle Veranstaltungen und Events bis hin zu unseren Geheimtipps zu Wander- und Fahrradrouten, auf denen wir selber \u00f6fter zu Fuss oder mit dem Fahrrad unterwegs sind. Da wir nur unweit vom Chalet wohnen, sind wir schnell zur Stelle falls Sie Hilfe brauchen.<\/p>\n\n\n\n<p>Wir freuen uns auf Ihren Besuch,<br>Tessa Meiers und Johannes Laures<\/p>\n","protected":false},"excerpt":{"rendered":"<p>Wir sind ein junges Paar aus der Region. Wir lieben es zu wandern und zu reisen, fahren gerne Fahrrad und genie\u00dfen viel Zeit in der Natur der Eifel. Gerade deswegen bieten wir Ihnen an, Ihren Aufenthalt im Chalet Lambertus so <a href=\"https:\/\/chalet-lambertus.de\/index.php\/ueber-uns\/\" class=\"more-link\">Weiterlesen<\/a><\/p>\n","protected":false},"author":1,"featured_media":0,"parent":0,"menu_order":0,"comment_status":"closed","ping_status":"closed","template":"","meta":{"footnotes":""},"class_list":["post-9","page","type-page","status-publish","hentry"],"_links":{"self":[{"href":"https:\/\/chalet-lambertus.de\/index.php\/wp-json\/wp\/v2\/pages\/9","targetHints":{"allow":["GET"]}}],"collection":[{"href":"https:\/\/chalet-lambertus.de\/index.php\/wp-json\/wp\/v2\/pages"}],"about":[{"href":"https:\/\/chalet-lambertus.de\/index.php\/wp-json\/wp\/v2\/types\/page"}],"author":[{"embeddable":true,"href":"https:\/\/chalet-lambertus.de\/index.php\/wp-json\/wp\/v2\/users\/1"}],"replies":[{"embeddable":true,"href":"https:\/\/chalet-lambertus.de\/index.php\/wp-json\/wp\/v2\/comments?post=9"}],"version-history":[{"count":5,"href":"https:\/\/chalet-lambertus.de\/index.php\/wp-json\/wp\/v2\/pages\/9\/revisions"}],"predecessor-version":[{"id":429,"href":"https:\/\/chalet-lambertus.de\/index.php\/wp-json\/wp\/v2\/pages\/9\/revisions\/429"}],"wp:attachment":[{"href":"https:\/\/chalet-lambertus.de\/index.php\/wp-json\/wp\/v2\/media?parent=9"}],"curies":[{"name":"wp","href":"https:\/\/api.w.org\/{rel}","templated":true}]}}